{"id":20214,"date":"2025-10-09T18:40:57","date_gmt":"2025-10-09T16:40:57","guid":{"rendered":"https:\/\/angsaveneto.it\/?page_id=20214"},"modified":"2025-10-14T15:59:34","modified_gmt":"2025-10-14T13:59:34","slug":"parliamo-di-autismo-2025","status":"publish","type":"page","link":"https:\/\/angsaveneto.it\/?page_id=20214","title":{"rendered":"Parliamo di autismo 2025"},"content":{"rendered":"\t\t<div data-elementor-type=\"wp-page\" data-elementor-id=\"20214\" class=\"elementor elementor-20214\">\n\t\t\t\t\t\t<section class=\"elementor-section elementor-top-section elementor-element elementor-element-89b136c elementor-section-boxed elementor-section-height-default elementor-section-height-default\" data-id=\"89b136c\" data-element_type=\"section\" data-e-type=\"section\">\n\t\t\t\t\t\t<div class=\"elementor-container elementor-column-gap-default\">\n\t\t\t\t\t<div class=\"elementor-column elementor-col-100 elementor-top-column elementor-element elementor-element-e021f02\" data-id=\"e021f02\" data-element_type=\"column\" data-e-type=\"column\">\n\t\t\t<div class=\"elementor-widget-wrap elementor-element-populated\">\n\t\t\t\t\t\t<div class=\"elementor-element elementor-element-e87cc42 elementor-widget elementor-widget-image\" data-id=\"e87cc42\" data-element_type=\"widget\" data-e-type=\"widget\" data-widget_type=\"image.default\">\n\t\t\t\t<div class=\"elementor-widget-container\">\n\t\t\t\t\t\t\t\t\t\t\t\t\t\t\t<img fetchpriority=\"high\" decoding=\"async\" width=\"967\" height=\"429\" src=\"https:\/\/angsaveneto.it\/wp-content\/uploads\/2023\/04\/IMG_20230205_092812.jpg\" class=\"attachment-large size-large wp-image-19643\" alt=\"\" srcset=\"https:\/\/angsaveneto.it\/wp-content\/uploads\/2023\/04\/IMG_20230205_092812.jpg 967w, https:\/\/angsaveneto.it\/wp-content\/uploads\/2023\/04\/IMG_20230205_092812-300x133.jpg 300w, https:\/\/angsaveneto.it\/wp-content\/uploads\/2023\/04\/IMG_20230205_092812-768x341.jpg 768w\" sizes=\"(max-width: 967px) 100vw, 967px\" \/>\t\t\t\t\t\t\t\t\t\t\t\t\t\t\t<\/div>\n\t\t\t\t<\/div>\n\t\t\t\t\t<\/div>\n\t\t<\/div>\n\t\t\t\t\t<\/div>\n\t\t<\/section>\n\t\t\t\t<section class=\"elementor-section elementor-top-section elementor-element elementor-element-d67c422 elementor-section-boxed elementor-section-height-default elementor-section-height-default\" data-id=\"d67c422\" data-element_type=\"section\" data-e-type=\"section\">\n\t\t\t\t\t\t<div class=\"elementor-container elementor-column-gap-default\">\n\t\t\t\t\t<div class=\"elementor-column elementor-col-100 elementor-top-column elementor-element elementor-element-f9902d0\" data-id=\"f9902d0\" data-element_type=\"column\" data-e-type=\"column\">\n\t\t\t<div class=\"elementor-widget-wrap elementor-element-populated\">\n\t\t\t\t\t\t<div class=\"elementor-element elementor-element-2b3a3099 elementor-widget elementor-widget-text-editor\" data-id=\"2b3a3099\" data-element_type=\"widget\" data-e-type=\"widget\" data-widget_type=\"text-editor.default\">\n\t\t\t\t<div class=\"elementor-widget-container\">\n\t\t\t\t\t\t\t\t\t<p class=\"p1\"><span class=\"s1\"><strong>ANGSA Veneto<\/strong> propone un ciclo di <strong>INCONTRI<\/strong>, in collaborazione con l\u2019Associazione ANFFAS Bassano che gentilmente ci ospita\u00a0 presso Casa Rubbi, su\u00a0 alcune tematiche\u00a0 significative per le famiglie delle persone nello spettro autistico.<\/span><\/p><p class=\"p1\"><span class=\"s1\">Gli incontri hanno l\u2019obiettivo di incrementare le conoscenze dei genitori sull\u2019autismo e sulle strategie comportamentali per la gestione dello sviluppo del bambino\/ragazzo con sindrome autistica o nello spettro autistico.<\/span><\/p><p class=\"p1\"><span class=\"s1\">Ci sar\u00e0 la possibilit\u00e0 di confrontarsi con professionisti esperti del settore e condividere le difficolt\u00e0, i dubbi e le preoccupazioni che riguardano la sfera educativa.\u00a0<\/span><\/p><p class=\"p1\"><span class=\"s1\">Gli incontri si terranno ogni\u00a0 <strong>2 settimane il SABATO\u00a0 MATTINA<\/strong> dalle 10.00 fino alle 12.30 circa presso il centro diurno dell\u2019<strong>ANFFAS<\/strong> \u201c<strong>Casa Rubbi<\/strong>\u201d in via Carpellina n\u00b0 225-227 (a circa 700 mt a sud dell\u2019ospedale di Bassano verso Ros\u00e0) ed avranno un taglio molto pratico.<\/span><\/p><p class=\"p1\"><span class=\"s1\">Per consentire ai Genitori di partecipare con serenit\u00e0, verr\u00e0 attivato, in concomitanza degli incontri, un <strong>LABORATORIO RICREATIVO<\/strong> per i ragazzi, gestito da alcune operatrici qualificate che si terr\u00e0 all\u2019interno di Casa Rubbi ad un costo simbolico di compartecipazione alle spese<\/span><\/p><p class=\"p1\"><span class=\"s1\">Finito l\u2019incontro, chi vorr\u00e0 potr\u00e0 pranzare, scambiando quattro chiacchiere e qualche esperienza, presso il Fast Food \u201cOLD WILD WEST\u201d, che dista poche centinaia di metri, in un\u2019area a noi dedicata.<\/span><\/p>\t\t\t\t\t\t\t\t<\/div>\n\t\t\t\t<\/div>\n\t\t\t\t<div class=\"elementor-element elementor-element-f8b34b2 elementor-widget elementor-widget-text-editor\" data-id=\"f8b34b2\" data-element_type=\"widget\" data-e-type=\"widget\" data-widget_type=\"text-editor.default\">\n\t\t\t\t<div class=\"elementor-widget-container\">\n\t\t\t\t\t\t\t\t\t<h4>Ecco gli incontri realizzati:<\/h4>\t\t\t\t\t\t\t\t<\/div>\n\t\t\t\t<\/div>\n\t\t\t\t\t<\/div>\n\t\t<\/div>\n\t\t\t\t\t<\/div>\n\t\t<\/section>\n\t\t\t\t<section class=\"elementor-section elementor-top-section elementor-element elementor-element-8e36b35 elementor-section-boxed elementor-section-height-default elementor-section-height-default\" data-id=\"8e36b35\" data-element_type=\"section\" data-e-type=\"section\">\n\t\t\t\t\t\t<div class=\"elementor-container elementor-column-gap-default\">\n\t\t\t\t\t<div class=\"elementor-column elementor-col-50 elementor-top-column elementor-element elementor-element-6efcc23\" data-id=\"6efcc23\" data-element_type=\"column\" data-e-type=\"column\">\n\t\t\t<div class=\"elementor-widget-wrap elementor-element-populated\">\n\t\t\t\t\t\t<div class=\"elementor-element elementor-element-01a2030 elementor-widget elementor-widget-image\" data-id=\"01a2030\" data-element_type=\"widget\" data-e-type=\"widget\" data-widget_type=\"image.default\">\n\t\t\t\t<div class=\"elementor-widget-container\">\n\t\t\t\t\t\t\t\t\t\t\t\t\t\t\t<img decoding=\"async\" width=\"1024\" height=\"461\" src=\"https:\/\/angsaveneto.it\/wp-content\/uploads\/2025\/09\/val_dolore_Galli-1024x461.jpg\" class=\"attachment-large size-large wp-image-20008\" alt=\"dr,ssa Laura Galli - valutazione dolore - platea\" srcset=\"https:\/\/angsaveneto.it\/wp-content\/uploads\/2025\/09\/val_dolore_Galli-1024x461.jpg 1024w, https:\/\/angsaveneto.it\/wp-content\/uploads\/2025\/09\/val_dolore_Galli-300x135.jpg 300w, https:\/\/angsaveneto.it\/wp-content\/uploads\/2025\/09\/val_dolore_Galli-768x345.jpg 768w, https:\/\/angsaveneto.it\/wp-content\/uploads\/2025\/09\/val_dolore_Galli-1536x691.jpg 1536w, https:\/\/angsaveneto.it\/wp-content\/uploads\/2025\/09\/val_dolore_Galli-2048x921.jpg 2048w\" sizes=\"(max-width: 1024px) 100vw, 1024px\" \/>\t\t\t\t\t\t\t\t\t\t\t\t\t\t\t<\/div>\n\t\t\t\t<\/div>\n\t\t\t\t\t<\/div>\n\t\t<\/div>\n\t\t\t\t<div class=\"elementor-column elementor-col-50 elementor-top-column elementor-element elementor-element-7d5ee2c\" data-id=\"7d5ee2c\" data-element_type=\"column\" data-e-type=\"column\">\n\t\t\t<div class=\"elementor-widget-wrap elementor-element-populated\">\n\t\t\t\t\t\t<div class=\"elementor-element elementor-element-91be35a elementor-widget elementor-widget-text-editor\" data-id=\"91be35a\" data-element_type=\"widget\" data-e-type=\"widget\" data-widget_type=\"text-editor.default\">\n\t\t\t\t<div class=\"elementor-widget-container\">\n\t\t\t\t\t\t\t\t\t<p>Giugno 2025<\/p><p>LA VALUTAZIONE DEL DOLORE CON LE PERSONE NELLO SPETTRO AUTISTICO NON COLLABORANTI<\/p>\t\t\t\t\t\t\t\t<\/div>\n\t\t\t\t<\/div>\n\t\t\t\t<div class=\"elementor-element elementor-element-419cf18 elementor-align-center elementor-widget elementor-widget-button\" data-id=\"419cf18\" data-element_type=\"widget\" data-e-type=\"widget\" data-widget_type=\"button.default\">\n\t\t\t\t<div class=\"elementor-widget-container\">\n\t\t\t\t\t\t\t\t\t<div class=\"elementor-button-wrapper\">\n\t\t\t\t\t<a class=\"elementor-button elementor-button-link elementor-size-sm\" href=\"https:\/\/angsaveneto.it\/?page_id=20006\">\n\t\t\t\t\t\t<span class=\"elementor-button-content-wrapper\">\n\t\t\t\t\t\t\t\t\t<span class=\"elementor-button-text\">Scopri di pi\u00f9<\/span>\n\t\t\t\t\t<\/span>\n\t\t\t\t\t<\/a>\n\t\t\t\t<\/div>\n\t\t\t\t\t\t\t\t<\/div>\n\t\t\t\t<\/div>\n\t\t\t\t\t<\/div>\n\t\t<\/div>\n\t\t\t\t\t<\/div>\n\t\t<\/section>\n\t\t\t\t<section class=\"elementor-section elementor-top-section elementor-element elementor-element-d7f6ad0 elementor-section-boxed elementor-section-height-default elementor-section-height-default\" data-id=\"d7f6ad0\" data-element_type=\"section\" data-e-type=\"section\">\n\t\t\t\t\t\t<div class=\"elementor-container elementor-column-gap-default\">\n\t\t\t\t\t<div class=\"elementor-column elementor-col-50 elementor-top-column elementor-element elementor-element-f80b6da\" data-id=\"f80b6da\" data-element_type=\"column\" data-e-type=\"column\">\n\t\t\t<div class=\"elementor-widget-wrap elementor-element-populated\">\n\t\t\t\t\t\t<div class=\"elementor-element elementor-element-d6ea9eb elementor-widget elementor-widget-text-editor\" data-id=\"d6ea9eb\" data-element_type=\"widget\" data-e-type=\"widget\" data-widget_type=\"text-editor.default\">\n\t\t\t\t<div class=\"elementor-widget-container\">\n\t\t\t\t\t\t\t\t\t<p>DIFFICOLT\u00e0 ALIMENTARI E NEURO-SVILUPPO: LE SFIDE DELLLA SELETTIVIT\u00e0 ALIMENTARE NELLO SPETTRO DELL&#8217;AUTISMO<\/p>\t\t\t\t\t\t\t\t<\/div>\n\t\t\t\t<\/div>\n\t\t\t\t\t<\/div>\n\t\t<\/div>\n\t\t\t\t<div class=\"elementor-column elementor-col-50 elementor-top-column elementor-element elementor-element-aaa3bba\" data-id=\"aaa3bba\" data-element_type=\"column\" data-e-type=\"column\">\n\t\t\t<div class=\"elementor-widget-wrap elementor-element-populated\">\n\t\t\t\t\t\t<div class=\"elementor-element elementor-element-d95d6c4 elementor-widget elementor-widget-image\" data-id=\"d95d6c4\" data-element_type=\"widget\" data-e-type=\"widget\" data-widget_type=\"image.default\">\n\t\t\t\t<div class=\"elementor-widget-container\">\n\t\t\t\t\t\t\t\t\t\t\t\t\t\t\t<img decoding=\"async\" width=\"1024\" height=\"546\" src=\"https:\/\/angsaveneto.it\/wp-content\/uploads\/2025\/10\/alimentazione-1024x546.jpg\" class=\"attachment-large size-large wp-image-20251\" alt=\"\" srcset=\"https:\/\/angsaveneto.it\/wp-content\/uploads\/2025\/10\/alimentazione-1024x546.jpg 1024w, https:\/\/angsaveneto.it\/wp-content\/uploads\/2025\/10\/alimentazione-300x160.jpg 300w, https:\/\/angsaveneto.it\/wp-content\/uploads\/2025\/10\/alimentazione-768x409.jpg 768w, https:\/\/angsaveneto.it\/wp-content\/uploads\/2025\/10\/alimentazione-1536x819.jpg 1536w, https:\/\/angsaveneto.it\/wp-content\/uploads\/2025\/10\/alimentazione-2048x1092.jpg 2048w\" sizes=\"(max-width: 1024px) 100vw, 1024px\" \/>\t\t\t\t\t\t\t\t\t\t\t\t\t\t\t<\/div>\n\t\t\t\t<\/div>\n\t\t\t\t\t<\/div>\n\t\t<\/div>\n\t\t\t\t\t<\/div>\n\t\t<\/section>\n\t\t\t\t<\/div>\n\t\t","protected":false},"excerpt":{"rendered":"<p>ANGSA Veneto propone un ciclo di INCONTRI, in collaborazione con l\u2019Associazione ANFFAS Bassano che gentilmente ci ospita\u00a0 presso Casa Rubbi, su\u00a0 alcune tematiche\u00a0 significative per le famiglie delle persone nello spettro autistico. Gli incontri hanno l\u2019obiettivo di incrementare le conoscenze dei genitori sull\u2019autismo e sulle strategie comportamentali per la gestione dello sviluppo del bambino\/ragazzo con [&hellip;]<\/p>\n","protected":false},"author":5,"featured_media":0,"parent":13,"menu_order":1,"comment_status":"closed","ping_status":"closed","template":"","meta":{"site-sidebar-layout":"no-sidebar","site-content-layout":"page-builder","ast-site-content-layout":"default","site-content-style":"default","site-sidebar-style":"default","ast-global-header-display":"","ast-banner-title-visibility":"","ast-main-header-display":"","ast-hfb-above-header-display":"","ast-hfb-below-header-display":"","ast-hfb-mobile-header-display":"","site-post-title":"disabled","ast-breadcrumbs-content":"","ast-featured-img":"disabled","footer-sml-layout":"","ast-disable-related-posts":"","theme-transparent-header-meta":"","adv-header-id-meta":"","stick-header-meta":"","header-above-stick-meta":"","header-main-stick-meta":"","header-below-stick-meta":"","astra-migrate-meta-layouts":"default","ast-page-background-enabled":"default","ast-page-background-meta":{"desktop":{"background-color":"","background-image":"","background-repeat":"repeat","background-position":"center center","background-size":"auto","background-attachment":"scroll","background-type":"","background-media":"","overlay-type":"","overlay-color":"","overlay-opacity":"","overlay-gradient":""},"tablet":{"background-color":"","background-image":"","background-repeat":"repeat","background-position":"center center","background-size":"auto","background-attachment":"scroll","background-type":"","background-media":"","overlay-type":"","overlay-color":"","overlay-opacity":"","overlay-gradient":""},"mobile":{"background-color":"","background-image":"","background-repeat":"repeat","background-position":"center center","background-size":"auto","background-attachment":"scroll","background-type":"","background-media":"","overlay-type":"","overlay-color":"","overlay-opacity":"","overlay-gradient":""}},"ast-content-background-meta":{"desktop":{"background-color":"var(--ast-global-color-5)","background-image":"","background-repeat":"repeat","background-position":"center center","background-size":"auto","background-attachment":"scroll","background-type":"","background-media":"","overlay-type":"","overlay-color":"","overlay-opacity":"","overlay-gradient":""},"tablet":{"background-color":"var(--ast-global-color-5)","background-image":"","background-repeat":"repeat","background-position":"center center","background-size":"auto","background-attachment":"scroll","background-type":"","background-media":"","overlay-type":"","overlay-color":"","overlay-opacity":"","overlay-gradient":""},"mobile":{"background-color":"var(--ast-global-color-5)","background-image":"","background-repeat":"repeat","background-position":"center center","background-size":"auto","background-attachment":"scroll","background-type":"","background-media":"","overlay-type":"","overlay-color":"","overlay-opacity":"","overlay-gradient":""}},"footnotes":""},"class_list":["post-20214","page","type-page","status-publish","hentry"],"_links":{"self":[{"href":"https:\/\/angsaveneto.it\/index.php?rest_route=\/wp\/v2\/pages\/20214","targetHints":{"allow":["GET"]}}],"collection":[{"href":"https:\/\/angsaveneto.it\/index.php?rest_route=\/wp\/v2\/pages"}],"about":[{"href":"https:\/\/angsaveneto.it\/index.php?rest_route=\/wp\/v2\/types\/page"}],"author":[{"embeddable":true,"href":"https:\/\/angsaveneto.it\/index.php?rest_route=\/wp\/v2\/users\/5"}],"replies":[{"embeddable":true,"href":"https:\/\/angsaveneto.it\/index.php?rest_route=%2Fwp%2Fv2%2Fcomments&post=20214"}],"version-history":[{"count":19,"href":"https:\/\/angsaveneto.it\/index.php?rest_route=\/wp\/v2\/pages\/20214\/revisions"}],"predecessor-version":[{"id":20257,"href":"https:\/\/angsaveneto.it\/index.php?rest_route=\/wp\/v2\/pages\/20214\/revisions\/20257"}],"up":[{"embeddable":true,"href":"https:\/\/angsaveneto.it\/index.php?rest_route=\/wp\/v2\/pages\/13"}],"wp:attachment":[{"href":"https:\/\/angsaveneto.it\/index.php?rest_route=%2Fwp%2Fv2%2Fmedia&parent=20214"}],"curies":[{"name":"wp","href":"https:\/\/api.w.org\/{rel}","templated":true}]}}