{"id":20006,"date":"2025-09-24T17:54:55","date_gmt":"2025-09-24T15:54:55","guid":{"rendered":"https:\/\/angsaveneto.it\/?page_id=20006"},"modified":"2025-10-14T15:56:33","modified_gmt":"2025-10-14T13:56:33","slug":"valutazione_dolore","status":"publish","type":"page","link":"https:\/\/angsaveneto.it\/?page_id=20006","title":{"rendered":"14.06.2025 valutazione dolore"},"content":{"rendered":"\t\t<div data-elementor-type=\"wp-page\" data-elementor-id=\"20006\" class=\"elementor elementor-20006\">\n\t\t\t\t\t\t<section class=\"elementor-section elementor-top-section elementor-element elementor-element-6f0191f elementor-section-boxed elementor-section-height-default elementor-section-height-default\" data-id=\"6f0191f\" data-element_type=\"section\" data-e-type=\"section\">\n\t\t\t\t\t\t<div class=\"elementor-container elementor-column-gap-default\">\n\t\t\t\t\t<div class=\"elementor-column elementor-col-100 elementor-top-column elementor-element elementor-element-8db9e5e\" data-id=\"8db9e5e\" data-element_type=\"column\" data-e-type=\"column\">\n\t\t\t<div class=\"elementor-widget-wrap elementor-element-populated\">\n\t\t\t\t\t\t<div class=\"elementor-element elementor-element-76e27ab elementor-widget elementor-widget-heading\" data-id=\"76e27ab\" data-element_type=\"widget\" data-e-type=\"widget\" data-widget_type=\"heading.default\">\n\t\t\t\t<div class=\"elementor-widget-container\">\n\t\t\t\t\t<h3 class=\"elementor-heading-title elementor-size-default\">14.06.2025 - La valutazione del dolore nelle persone con disabilit\u00e0<\/h3>\t\t\t\t<\/div>\n\t\t\t\t<\/div>\n\t\t\t\t\t<\/div>\n\t\t<\/div>\n\t\t\t\t\t<\/div>\n\t\t<\/section>\n\t\t\t\t<section class=\"elementor-section elementor-top-section elementor-element elementor-element-730276f elementor-section-boxed elementor-section-height-default elementor-section-height-default\" data-id=\"730276f\" data-element_type=\"section\" data-e-type=\"section\">\n\t\t\t\t\t\t<div class=\"elementor-container elementor-column-gap-default\">\n\t\t\t\t\t<div class=\"elementor-column elementor-col-33 elementor-top-column elementor-element elementor-element-455cfe6\" data-id=\"455cfe6\" data-element_type=\"column\" data-e-type=\"column\">\n\t\t\t<div class=\"elementor-widget-wrap elementor-element-populated\">\n\t\t\t\t\t\t<div class=\"elementor-element elementor-element-4af0bfa elementor-widget elementor-widget-image\" data-id=\"4af0bfa\" data-element_type=\"widget\" data-e-type=\"widget\" data-widget_type=\"image.default\">\n\t\t\t\t<div class=\"elementor-widget-container\">\n\t\t\t\t\t\t\t\t\t\t\t\t\t\t\t<img fetchpriority=\"high\" decoding=\"async\" width=\"1024\" height=\"461\" src=\"https:\/\/angsaveneto.it\/wp-content\/uploads\/2025\/09\/val_dolore_Galli-1024x461.jpg\" class=\"attachment-large size-large wp-image-20008\" alt=\"dr,ssa Laura Galli - valutazione dolore - platea\" srcset=\"https:\/\/angsaveneto.it\/wp-content\/uploads\/2025\/09\/val_dolore_Galli-1024x461.jpg 1024w, https:\/\/angsaveneto.it\/wp-content\/uploads\/2025\/09\/val_dolore_Galli-300x135.jpg 300w, https:\/\/angsaveneto.it\/wp-content\/uploads\/2025\/09\/val_dolore_Galli-768x345.jpg 768w, https:\/\/angsaveneto.it\/wp-content\/uploads\/2025\/09\/val_dolore_Galli-1536x691.jpg 1536w, https:\/\/angsaveneto.it\/wp-content\/uploads\/2025\/09\/val_dolore_Galli-2048x921.jpg 2048w\" sizes=\"(max-width: 1024px) 100vw, 1024px\" \/>\t\t\t\t\t\t\t\t\t\t\t\t\t\t\t<\/div>\n\t\t\t\t<\/div>\n\t\t\t\t\t<\/div>\n\t\t<\/div>\n\t\t\t\t<div class=\"elementor-column elementor-col-33 elementor-top-column elementor-element elementor-element-8a69014\" data-id=\"8a69014\" data-element_type=\"column\" data-e-type=\"column\">\n\t\t\t<div class=\"elementor-widget-wrap elementor-element-populated\">\n\t\t\t\t\t\t<div class=\"elementor-element elementor-element-0722648 elementor-widget elementor-widget-image\" data-id=\"0722648\" data-element_type=\"widget\" data-e-type=\"widget\" data-widget_type=\"image.default\">\n\t\t\t\t<div class=\"elementor-widget-container\">\n\t\t\t\t\t\t\t\t\t\t\t\t\t\t\t<img decoding=\"async\" width=\"1024\" height=\"461\" src=\"https:\/\/angsaveneto.it\/wp-content\/uploads\/2025\/09\/Berna_Vanzo_Galli-1024x461.jpg\" class=\"attachment-large size-large wp-image-20009\" alt=\"Parliamo di Autismo - Valutazione del dolore - Drssa Silvia Berna, Presidente Angsa Veneto Giuliano Vanzo, Dr.ssa Laura Galli\" srcset=\"https:\/\/angsaveneto.it\/wp-content\/uploads\/2025\/09\/Berna_Vanzo_Galli-1024x461.jpg 1024w, https:\/\/angsaveneto.it\/wp-content\/uploads\/2025\/09\/Berna_Vanzo_Galli-300x135.jpg 300w, https:\/\/angsaveneto.it\/wp-content\/uploads\/2025\/09\/Berna_Vanzo_Galli-768x345.jpg 768w, https:\/\/angsaveneto.it\/wp-content\/uploads\/2025\/09\/Berna_Vanzo_Galli-1536x691.jpg 1536w, https:\/\/angsaveneto.it\/wp-content\/uploads\/2025\/09\/Berna_Vanzo_Galli-2048x921.jpg 2048w\" sizes=\"(max-width: 1024px) 100vw, 1024px\" \/>\t\t\t\t\t\t\t\t\t\t\t\t\t\t\t<\/div>\n\t\t\t\t<\/div>\n\t\t\t\t\t<\/div>\n\t\t<\/div>\n\t\t\t\t<div class=\"elementor-column elementor-col-33 elementor-top-column elementor-element elementor-element-32e93c2\" data-id=\"32e93c2\" data-element_type=\"column\" data-e-type=\"column\">\n\t\t\t<div class=\"elementor-widget-wrap elementor-element-populated\">\n\t\t\t\t\t\t<div class=\"elementor-element elementor-element-aa92210 elementor-widget elementor-widget-image\" data-id=\"aa92210\" data-element_type=\"widget\" data-e-type=\"widget\" data-widget_type=\"image.default\">\n\t\t\t\t<div class=\"elementor-widget-container\">\n\t\t\t\t\t\t\t\t\t\t\t\t\t\t\t<img decoding=\"async\" src=\"https:\/\/angsaveneto.it\/wp-content\/uploads\/elementor\/thumbs\/val_dolore_Berna-scaled-rc8f7m9sg0cpq0754q5gnp40myk4bz75qsohbimppo.jpg\" title=\"val_dolore_Berna\" alt=\"14.06.2025 Parliamo di Autismo Valutazione del dolore dr.ssa Silvia Berna, platea\" loading=\"lazy\" \/>\t\t\t\t\t\t\t\t\t\t\t\t\t\t\t<\/div>\n\t\t\t\t<\/div>\n\t\t\t\t\t<\/div>\n\t\t<\/div>\n\t\t\t\t\t<\/div>\n\t\t<\/section>\n\t\t\t\t<section class=\"elementor-section elementor-top-section elementor-element elementor-element-59ef87e elementor-section-boxed elementor-section-height-default elementor-section-height-default\" data-id=\"59ef87e\" data-element_type=\"section\" data-e-type=\"section\">\n\t\t\t\t\t\t<div class=\"elementor-container elementor-column-gap-default\">\n\t\t\t\t\t<div class=\"elementor-column elementor-col-100 elementor-top-column elementor-element elementor-element-3f0b3f9\" data-id=\"3f0b3f9\" data-element_type=\"column\" data-e-type=\"column\">\n\t\t\t<div class=\"elementor-widget-wrap elementor-element-populated\">\n\t\t\t\t\t\t<div class=\"elementor-element elementor-element-605df4e elementor-widget elementor-widget-text-editor\" data-id=\"605df4e\" data-element_type=\"widget\" data-e-type=\"widget\" data-widget_type=\"text-editor.default\">\n\t\t\t\t<div class=\"elementor-widget-container\">\n\t\t\t\t\t\t\t\t\t<p><span style=\"font-weight: 400;\">Nello splendido contesto di Casa Rubbi (Anffas) si \u00e8 svolto un momento intenso e prezioso, organizzato da <\/span><b>ANGSA Veneto<\/b><span style=\"font-weight: 400;\"> in collaborazione con <\/span><b>Fondazione Sospiro<\/b><span style=\"font-weight: 400;\">, nell\u2019ambito del ciclo di incontri <\/span><i><span style=\"font-weight: 400;\">Parliamo di Autismo<\/span><\/i><span style=\"font-weight: 400;\">.<\/span><\/p><p><span style=\"font-weight: 400;\">Spesso trascurato, il tema del dolore nelle persone autistiche \u00e8 stato al centro dell\u2019intervento della <\/span><b>Dr.ssa Maria Laura Galli<\/b><span style=\"font-weight: 400;\">, neurologa, e della <\/span><b>Dr.ssa Silvia Berna<\/b><span style=\"font-weight: 400;\">, infermiera, entrambe analiste del comportamento.<\/span><span style=\"font-weight: 400;\"><br \/><\/span><span style=\"font-weight: 400;\"> Le relatrici hanno guidato i presenti in un approfondimento attento e concreto, con particolare riguardo a chi non pu\u00f2 comunicare verbalmente il proprio dolore.<\/span><\/p><p><span style=\"font-weight: 400;\">\u00c8 stato inoltre presentato uno <\/span><b>strumento di osservazione<\/b><span style=\"font-weight: 400;\"> che, attraverso la rilevazione di comportamenti ed espressioni, permette di riconoscere segnali di sofferenza e intervenire in modo tempestivo. Uno strumento in pi\u00f9 che pu\u00f2 migliorare in modo significativo la qualit\u00e0 della vita delle persone autistiche e delle loro famiglie.<\/span><\/p><p><span style=\"font-weight: 400;\">All\u2019incontro hanno preso parte <strong>famiglie, insegnanti e operatori<\/strong>.<\/span><span style=\"font-weight: 400;\"><br \/><\/span><span style=\"font-weight: 400;\"> Le domande, le riflessioni e il dialogo aperto hanno confermato quanto sia sentita e condivisa la necessit\u00e0 di comprendere meglio gli aspetti riguardanti la percezione del dolore e di approfondire conoscenze utili a supportare i nostri figli.<\/span><\/p><p><span style=\"font-weight: 400;\">Mentre i genitori partecipavano all\u2019incontro, ai ragazzi \u00e8 stato dedicato un <strong>laboratorio ricreativo<\/strong> pensato appositamente per loro: attivit\u00e0 con colori, puzzle\u2026 e la preparazione della pausa caff\u00e8! Esperienza ogni volta positiva che permette alle famiglie di partecipare con serenit\u00e0, sapendo che i propri figli sono impegnati in attivit\u00e0 inclusive e divertenti.<\/span><\/p><p><span style=\"font-weight: 400;\">Un sentito ringraziamento a tutti coloro che hanno partecipato e che credono nell\u2019offerta formativa di ANGSA Veneto. Gli incontri <\/span><i><span style=\"font-weight: 400;\">Parliamo di Autismo<\/span><\/i><span style=\"font-weight: 400;\"> continueranno anche in autunno, con nuovi appuntamenti dedicati alla formazione e al sostegno delle famiglie.<\/span><\/p>\t\t\t\t\t\t\t\t<\/div>\n\t\t\t\t<\/div>\n\t\t\t\t\t<\/div>\n\t\t<\/div>\n\t\t\t\t\t<\/div>\n\t\t<\/section>\n\t\t\t\t<\/div>\n\t\t","protected":false},"excerpt":{"rendered":"<p>14.06.2025 &#8211; La valutazione del dolore nelle persone con disabilit\u00e0 Nello splendido contesto di Casa Rubbi (Anffas) si \u00e8 svolto un momento intenso e prezioso, organizzato da ANGSA Veneto in collaborazione con Fondazione Sospiro, nell\u2019ambito del ciclo di incontri Parliamo di Autismo. Spesso trascurato, il tema del dolore nelle persone autistiche \u00e8 stato al centro [&hellip;]<\/p>\n","protected":false},"author":5,"featured_media":0,"parent":20214,"menu_order":1,"comment_status":"closed","ping_status":"closed","template":"","meta":{"site-sidebar-layout":"no-sidebar","site-content-layout":"page-builder","ast-site-content-layout":"default","site-content-style":"default","site-sidebar-style":"default","ast-global-header-display":"","ast-banner-title-visibility":"","ast-main-header-display":"","ast-hfb-above-header-display":"","ast-hfb-below-header-display":"","ast-hfb-mobile-header-display":"","site-post-title":"disabled","ast-breadcrumbs-content":"","ast-featured-img":"disabled","footer-sml-layout":"","ast-disable-related-posts":"","theme-transparent-header-meta":"","adv-header-id-meta":"","stick-header-meta":"","header-above-stick-meta":"","header-main-stick-meta":"","header-below-stick-meta":"","astra-migrate-meta-layouts":"default","ast-page-background-enabled":"default","ast-page-background-meta":{"desktop":{"background-color":"","background-image":"","background-repeat":"repeat","background-position":"center center","background-size":"auto","background-attachment":"scroll","background-type":"","background-media":"","overlay-type":"","overlay-color":"","overlay-opacity":"","overlay-gradient":""},"tablet":{"background-color":"","background-image":"","background-repeat":"repeat","background-position":"center center","background-size":"auto","background-attachment":"scroll","background-type":"","background-media":"","overlay-type":"","overlay-color":"","overlay-opacity":"","overlay-gradient":""},"mobile":{"background-color":"","background-image":"","background-repeat":"repeat","background-position":"center center","background-size":"auto","background-attachment":"scroll","background-type":"","background-media":"","overlay-type":"","overlay-color":"","overlay-opacity":"","overlay-gradient":""}},"ast-content-background-meta":{"desktop":{"background-color":"var(--ast-global-color-5)","background-image":"","background-repeat":"repeat","background-position":"center center","background-size":"auto","background-attachment":"scroll","background-type":"","background-media":"","overlay-type":"","overlay-color":"","overlay-opacity":"","overlay-gradient":""},"tablet":{"background-color":"var(--ast-global-color-5)","background-image":"","background-repeat":"repeat","background-position":"center center","background-size":"auto","background-attachment":"scroll","background-type":"","background-media":"","overlay-type":"","overlay-color":"","overlay-opacity":"","overlay-gradient":""},"mobile":{"background-color":"var(--ast-global-color-5)","background-image":"","background-repeat":"repeat","background-position":"center center","background-size":"auto","background-attachment":"scroll","background-type":"","background-media":"","overlay-type":"","overlay-color":"","overlay-opacity":"","overlay-gradient":""}},"footnotes":""},"class_list":["post-20006","page","type-page","status-publish","hentry"],"_links":{"self":[{"href":"https:\/\/angsaveneto.it\/index.php?rest_route=\/wp\/v2\/pages\/20006","targetHints":{"allow":["GET"]}}],"collection":[{"href":"https:\/\/angsaveneto.it\/index.php?rest_route=\/wp\/v2\/pages"}],"about":[{"href":"https:\/\/angsaveneto.it\/index.php?rest_route=\/wp\/v2\/types\/page"}],"author":[{"embeddable":true,"href":"https:\/\/angsaveneto.it\/index.php?rest_route=\/wp\/v2\/users\/5"}],"replies":[{"embeddable":true,"href":"https:\/\/angsaveneto.it\/index.php?rest_route=%2Fwp%2Fv2%2Fcomments&post=20006"}],"version-history":[{"count":5,"href":"https:\/\/angsaveneto.it\/index.php?rest_route=\/wp\/v2\/pages\/20006\/revisions"}],"predecessor-version":[{"id":20213,"href":"https:\/\/angsaveneto.it\/index.php?rest_route=\/wp\/v2\/pages\/20006\/revisions\/20213"}],"up":[{"embeddable":true,"href":"https:\/\/angsaveneto.it\/index.php?rest_route=\/wp\/v2\/pages\/20214"}],"wp:attachment":[{"href":"https:\/\/angsaveneto.it\/index.php?rest_route=%2Fwp%2Fv2%2Fmedia&parent=20006"}],"curies":[{"name":"wp","href":"https:\/\/api.w.org\/{rel}","templated":true}]}}

<div data-elementor-type="wp-page" data-elementor-id="20006" class="elementor elementor-20006">
						<section class="elementor-section elementor-top-section elementor-element elementor-element-6f0191f elementor-section-boxed elementor-section-height-default elementor-section-height-default" data-id="6f0191f" data-element_type="section" data-e-type="section">
						<div class="elementor-container elementor-column-gap-default">
					<div class="elementor-column elementor-col-100 elementor-top-column elementor-element elementor-element-8db9e5e" data-id="8db9e5e" data-element_type="column" data-e-type="column">
			<div class="elementor-widget-wrap elementor-element-populated">
						<div class="elementor-element elementor-element-76e27ab elementor-widget elementor-widget-heading" data-id="76e27ab" data-element_type="widget" data-e-type="widget" data-widget_type="heading.default">
				<div class="elementor-widget-container">
					<h3 class="elementor-heading-title elementor-size-default">14.06.2025 - La valutazione del dolore nelle persone con disabilità</h3>				</div>
				</div>
					</div>
		</div>
					</div>
		</section>
				<section class="elementor-section elementor-top-section elementor-element elementor-element-730276f elementor-section-boxed elementor-section-height-default elementor-section-height-default" data-id="730276f" data-element_type="section" data-e-type="section">
						<div class="elementor-container elementor-column-gap-default">
					<div class="elementor-column elementor-col-33 elementor-top-column elementor-element elementor-element-455cfe6" data-id="455cfe6" data-element_type="column" data-e-type="column">
			<div class="elementor-widget-wrap elementor-element-populated">
						<div class="elementor-element elementor-element-4af0bfa elementor-widget elementor-widget-image" data-id="4af0bfa" data-element_type="widget" data-e-type="widget" data-widget_type="image.default">
				<div class="elementor-widget-container">
															<img fetchpriority="high" decoding="async" width="1024" height="461" src="https://angsaveneto.it/wp-content/uploads/2025/09/val_dolore_Galli-1024x461.jpg" class="attachment-large size-large wp-image-20008" alt="dr,ssa Laura Galli - valutazione dolore - platea" srcset="https://angsaveneto.it/wp-content/uploads/2025/09/val_dolore_Galli-1024x461.jpg 1024w, https://angsaveneto.it/wp-content/uploads/2025/09/val_dolore_Galli-300x135.jpg 300w, https://angsaveneto.it/wp-content/uploads/2025/09/val_dolore_Galli-768x345.jpg 768w, https://angsaveneto.it/wp-content/uploads/2025/09/val_dolore_Galli-1536x691.jpg 1536w, https://angsaveneto.it/wp-content/uploads/2025/09/val_dolore_Galli-2048x921.jpg 2048w" sizes="(max-width: 1024px) 100vw, 1024px" />															</div>
				</div>
					</div>
		</div>
				<div class="elementor-column elementor-col-33 elementor-top-column elementor-element elementor-element-8a69014" data-id="8a69014" data-element_type="column" data-e-type="column">
			<div class="elementor-widget-wrap elementor-element-populated">
						<div class="elementor-element elementor-element-0722648 elementor-widget elementor-widget-image" data-id="0722648" data-element_type="widget" data-e-type="widget" data-widget_type="image.default">
				<div class="elementor-widget-container">
															<img decoding="async" width="1024" height="461" src="https://angsaveneto.it/wp-content/uploads/2025/09/Berna_Vanzo_Galli-1024x461.jpg" class="attachment-large size-large wp-image-20009" alt="Parliamo di Autismo - Valutazione del dolore - Drssa Silvia Berna, Presidente Angsa Veneto Giuliano Vanzo, Dr.ssa Laura Galli" srcset="https://angsaveneto.it/wp-content/uploads/2025/09/Berna_Vanzo_Galli-1024x461.jpg 1024w, https://angsaveneto.it/wp-content/uploads/2025/09/Berna_Vanzo_Galli-300x135.jpg 300w, https://angsaveneto.it/wp-content/uploads/2025/09/Berna_Vanzo_Galli-768x345.jpg 768w, https://angsaveneto.it/wp-content/uploads/2025/09/Berna_Vanzo_Galli-1536x691.jpg 1536w, https://angsaveneto.it/wp-content/uploads/2025/09/Berna_Vanzo_Galli-2048x921.jpg 2048w" sizes="(max-width: 1024px) 100vw, 1024px" />															</div>
				</div>
					</div>
		</div>
				<div class="elementor-column elementor-col-33 elementor-top-column elementor-element elementor-element-32e93c2" data-id="32e93c2" data-element_type="column" data-e-type="column">
			<div class="elementor-widget-wrap elementor-element-populated">
						<div class="elementor-element elementor-element-aa92210 elementor-widget elementor-widget-image" data-id="aa92210" data-element_type="widget" data-e-type="widget" data-widget_type="image.default">
				<div class="elementor-widget-container">
															<img decoding="async" src="https://angsaveneto.it/wp-content/uploads/elementor/thumbs/val_dolore_Berna-scaled-rc8f7m9sg0cpq0754q5gnp40myk4bz75qsohbimppo.jpg" title="val_dolore_Berna" alt="14.06.2025 Parliamo di Autismo Valutazione del dolore dr.ssa Silvia Berna, platea" loading="lazy" />															</div>
				</div>
					</div>
		</div>
					</div>
		</section>
				<section class="elementor-section elementor-top-section elementor-element elementor-element-59ef87e elementor-section-boxed elementor-section-height-default elementor-section-height-default" data-id="59ef87e" data-element_type="section" data-e-type="section">
						<div class="elementor-container elementor-column-gap-default">
					<div class="elementor-column elementor-col-100 elementor-top-column elementor-element elementor-element-3f0b3f9" data-id="3f0b3f9" data-element_type="column" data-e-type="column">
			<div class="elementor-widget-wrap elementor-element-populated">
						<div class="elementor-element elementor-element-605df4e elementor-widget elementor-widget-text-editor" data-id="605df4e" data-element_type="widget" data-e-type="widget" data-widget_type="text-editor.default">
				<div class="elementor-widget-container">
									<p><span style="font-weight: 400;">Nello splendido contesto di Casa Rubbi (Anffas) si è svolto un momento intenso e prezioso, organizzato da </span><b>ANGSA Veneto</b><span style="font-weight: 400;"> in collaborazione con </span><b>Fondazione Sospiro</b><span style="font-weight: 400;">, nell’ambito del ciclo di incontri </span><i><span style="font-weight: 400;">Parliamo di Autismo</span></i><span style="font-weight: 400;">.</span></p><p><span style="font-weight: 400;">Spesso trascurato, il tema del dolore nelle persone autistiche è stato al centro dell’intervento della </span><b>Dr.ssa Maria Laura Galli</b><span style="font-weight: 400;">, neurologa, e della </span><b>Dr.ssa Silvia Berna</b><span style="font-weight: 400;">, infermiera, entrambe analiste del comportamento.</span><span style="font-weight: 400;"><br /></span><span style="font-weight: 400;"> Le relatrici hanno guidato i presenti in un approfondimento attento e concreto, con particolare riguardo a chi non può comunicare verbalmente il proprio dolore.</span></p><p><span style="font-weight: 400;">È stato inoltre presentato uno </span><b>strumento di osservazione</b><span style="font-weight: 400;"> che, attraverso la rilevazione di comportamenti ed espressioni, permette di riconoscere segnali di sofferenza e intervenire in modo tempestivo. Uno strumento in più che può migliorare in modo significativo la qualità della vita delle persone autistiche e delle loro famiglie.</span></p><p><span style="font-weight: 400;">All’incontro hanno preso parte <strong>famiglie, insegnanti e operatori</strong>.</span><span style="font-weight: 400;"><br /></span><span style="font-weight: 400;"> Le domande, le riflessioni e il dialogo aperto hanno confermato quanto sia sentita e condivisa la necessità di comprendere meglio gli aspetti riguardanti la percezione del dolore e di approfondire conoscenze utili a supportare i nostri figli.</span></p><p><span style="font-weight: 400;">Mentre i genitori partecipavano all’incontro, ai ragazzi è stato dedicato un <strong>laboratorio ricreativo</strong> pensato appositamente per loro: attività con colori, puzzle… e la preparazione della pausa caffè! Esperienza ogni volta positiva che permette alle famiglie di partecipare con serenità, sapendo che i propri figli sono impegnati in attività inclusive e divertenti.</span></p><p><span style="font-weight: 400;">Un sentito ringraziamento a tutti coloro che hanno partecipato e che credono nell’offerta formativa di ANGSA Veneto. Gli incontri </span><i><span style="font-weight: 400;">Parliamo di Autismo</span></i><span style="font-weight: 400;"> continueranno anche in autunno, con nuovi appuntamenti dedicati alla formazione e al sostegno delle famiglie.</span></p>								</div>
				</div>
					</div>
		</div>
					</div>
		</section>
				</div>

<p>14.06.2025 &#8211; La valutazione del dolore nelle persone con disabilità Nello splendido contesto di Casa Rubbi (Anffas) si è svolto un momento intenso e prezioso, organizzato da ANGSA Veneto in collaborazione con Fondazione Sospiro, nell’ambito del ciclo di incontri Parliamo di Autismo. Spesso trascurato, il tema del dolore nelle persone autistiche è stato al centro [&hellip;]</p>
