{"id":19445,"date":"2023-03-21T15:50:53","date_gmt":"2023-03-21T14:50:53","guid":{"rendered":"https:\/\/angsaveneto.it\/?page_id=19445"},"modified":"2023-03-31T15:15:19","modified_gmt":"2023-03-31T13:15:19","slug":"intervento-abilitativo-precoce","status":"publish","type":"page","link":"https:\/\/angsaveneto.it\/?page_id=19445","title":{"rendered":"Intervento abilitativo precoce"},"content":{"rendered":"\t\t<div data-elementor-type=\"wp-page\" data-elementor-id=\"19445\" class=\"elementor elementor-19445\">\n\t\t\t\t\t\t<section class=\"elementor-section elementor-top-section elementor-element elementor-element-5210f3e elementor-section-content-middle elementor-section-boxed elementor-section-height-default elementor-section-height-default\" data-id=\"5210f3e\" data-element_type=\"section\" data-e-type=\"section\">\n\t\t\t\t\t\t<div class=\"elementor-container elementor-column-gap-no\">\n\t\t\t\t\t<div class=\"elementor-column elementor-col-50 elementor-top-column elementor-element elementor-element-2504374\" data-id=\"2504374\" data-element_type=\"column\" data-e-type=\"column\">\n\t\t\t<div class=\"elementor-widget-wrap elementor-element-populated\">\n\t\t\t\t\t\t<div class=\"elementor-element elementor-element-cf21eea elementor-widget elementor-widget-heading\" data-id=\"cf21eea\" data-element_type=\"widget\" data-e-type=\"widget\" data-widget_type=\"heading.default\">\n\t\t\t\t<div class=\"elementor-widget-container\">\n\t\t\t\t\t<h2 class=\"elementor-heading-title elementor-size-default\">INTERVENTO ABILITATIVO PRECOCE<\/h2>\t\t\t\t<\/div>\n\t\t\t\t<\/div>\n\t\t\t\t<div class=\"elementor-element elementor-element-35e31d6 elementor-widget-divider--view-line elementor-widget elementor-widget-divider\" data-id=\"35e31d6\" data-element_type=\"widget\" data-e-type=\"widget\" data-widget_type=\"divider.default\">\n\t\t\t\t<div class=\"elementor-widget-container\">\n\t\t\t\t\t\t\t<div class=\"elementor-divider\">\n\t\t\t<span class=\"elementor-divider-separator\">\n\t\t\t\t\t\t<\/span>\n\t\t<\/div>\n\t\t\t\t\t\t<\/div>\n\t\t\t\t<\/div>\n\t\t\t\t<div class=\"elementor-element elementor-element-49680f6 elementor-widget elementor-widget-text-editor\" data-id=\"49680f6\" data-element_type=\"widget\" data-e-type=\"widget\" data-widget_type=\"text-editor.default\">\n\t\t\t\t<div class=\"elementor-widget-container\">\n\t\t\t\t\t\t\t\t\t<p><b>l&#8217;Autismo<\/b><span style=\"font-weight: 400;\"> rappresenta una delle condizioni pi\u00f9 complesse, difficilmente gestibili, che emergono nell&#8217;et\u00e0 evolutiva. Molto spesso i bambini con autismo richiedono un elevato livello di supporto nella vita quotidiana. La conferma della condizione autistica dei figli porta spesso le famiglie in una situazione di sconforto, smarrimento, emarginazione.<\/span><\/p><p><span style=\"font-weight: 400;\">La letteratura scientifica internazionale ha dimostrato che le strategie di educazione speciale mediate dai genitori possono migliorare la qualit\u00e0 della vita delle persone autistiche e delle loro famiglie. La formazione nei contesti di vita del bambino autistico e della sua famiglia aiuta a\u00a0 creare una comunit\u00e0 educante in grado di condividere obiettivi prioritari per l&#8217;apprendimento del bambino.<\/span><\/p><p><b>OBIETTIVO<\/b><span style=\"font-weight: 400;\"> di questo progetto \u00e8 dimostrare l&#8217;efficacia di percorsi educativi che vedano genitori ed insegnanti gli agenti principali dell&#8217;intervento abilitativo.<\/span><\/p><p><span style=\"font-weight: 400;\">Il progetto &#8220;Autismo: intervento abilitativo precoce mediato da genitori e insegnanti&#8221; \u00e8 stato realizzato grazie all&#8217;unione delle risorse e dell&#8217;impegno dei diversi <\/span><b>SOGGETTI COINVOLTI,<\/b><span style=\"font-weight: 400;\"> a partire dalle altre associazioni di volontariato come <\/span><b>ANTS Verona, Associazione Asperger Veneto, ABAut, Progetto Insieme, Gruppo Autismo Belluno, Associazione Viviautismo<\/b><span style=\"font-weight: 400;\">.<\/span><\/p><p><span style=\"font-weight: 400;\">Il progetto, sotto il coordinamento scientifico del dr. Leonardo Zoccante del <\/span><b>CENTRO\u00a0 DIAGNOSI, CURA E RICERCA PER L&#8217;AUTISMO<\/b><span style=\"font-weight: 400;\"> di Verona, monitorato dalla dr.ssa Elena Finotti del Servizio di Neuropsichiatria Infantile di Vicenza, ha coinvolto i servizi specialistici delle <\/span><b>AZIENDE ULSS 6, 8 e 9<\/b><span style=\"font-weight: 400;\">, che hanno proposto alle famiglie con neo diagnosi di autismo per i loro figli l&#8217;opportunit\u00e0 di essere inserite in un percorso di coaching a supporto della quotidianit\u00e0.<\/span><\/p><p>Oltre alle famiglie sono state coinvolte anche le\u00a0<b>insegnanti di scuola dell&#8217;infanzia e primaria\u00a0<\/b>che hanno come alunni i bambini inseriti nel progetto.<\/p><p>Le ricerche pi\u00f9 recenti indicano la possibilit\u00e0 che un intervento precoce possa determinare un cambiamento significativo nel funzionamento adattivo e relazionale dei bambini, modificandone lo stesso profilo diagnostico. In Italia le raccomandazioni della comunit\u00e0 scientifica sull&#8217;<b>efficacia di un intervento intensivo, precoce e che coinvolga la famiglia<\/b>\u00a0non sono sempre recepite dalle istituzioni, n\u00e9 tradotte in servizi.\u00a0<\/p>\t\t\t\t\t\t\t\t<\/div>\n\t\t\t\t<\/div>\n\t\t\t\t\t<\/div>\n\t\t<\/div>\n\t\t\t\t<div class=\"elementor-column elementor-col-50 elementor-top-column elementor-element elementor-element-4c72f17\" data-id=\"4c72f17\" data-element_type=\"column\" data-e-type=\"column\">\n\t\t\t<div class=\"elementor-widget-wrap elementor-element-populated\">\n\t\t\t\t\t\t<div class=\"elementor-element elementor-element-701eeec elementor-widget elementor-widget-text-editor\" data-id=\"701eeec\" data-element_type=\"widget\" data-e-type=\"widget\" data-widget_type=\"text-editor.default\">\n\t\t\t\t<div class=\"elementor-widget-container\">\n\t\t\t\t\t\t\t\t\t<p><span style=\"font-style: inherit;\">Nella maggior delle regioni italiane, alla diagnosi di autismo non fa seguito alcuna proposta di intervento da parte del sistema sanitario nazionale. Un intervento abilitativo che coinvolge i genitori e gli\u00a0 insegnanti potrebbe rivelarsi pi\u00f9 efficace in termini di acquisizione, mantenimento e generalizzazione delle abilit\u00e0 da parte del bambino, ma anche meno dispendioso dal punto di vista delle risorse umane ed economiche che un intervento precoce intensivo richiederebbe.<\/span><\/p><p><i><span style=\"font-weight: 400;\">L&#8217;importanza di un intervento precoce e la proposta di ANGSA Veneto.<\/span><\/i><\/p><p><span style=\"font-weight: 400;\">Un intervento abilitativo che coinvolge genitori e insegnanti potrebbe rivelarsi pi\u00f9 efficace in termini di acquisizione, mantenimento e generalizzazione delle abilit\u00e0 da parte del bambino.<\/span><\/p><p><span style=\"font-weight: 400;\">Il modello che abbiamo proposto si basa sull&#8217; <\/span><b>Early Start Denver model, l\u2019ABA e il PACT,<\/b><span style=\"font-weight: 400;\"> rigorosamente fondati su principi scientifici e prove empiriche di efficacia e che possono essere applicate da educatori, genitori e insegnanti.<\/span><\/p><p><span style=\"font-weight: 400;\">Il progetto, che inizialmente prevedeva le attivit\u00e0 in presenza, \u00e8 stato riformulato adattando le attivit\u00e0 alle restrizioni previste dalla normativa per l&#8217;emergenza sanitaria del COVID-19, che sono state quindi trasferite <\/span><b>online<\/b><span style=\"font-weight: 400;\">.<\/span><\/p><p><span style=\"font-weight: 400;\">I percorsi attivati di <\/span><b>parent coaching <\/b><span style=\"font-weight: 400;\">e <\/span><b>teacher coaching<\/b><span style=\"font-weight: 400;\"> sono stati tenuti da psicologi specificamente formati in ambito di autismo che hanno\u00a0 affrontato varie tematiche, con particolare riguardo a: caratteristiche di funzionamento del bambino con autismo, acquisire strategie per migliorare la relazione e le abilit\u00e0 comunicative del bambino, organizzare e strutturare il tempo e lo spazio per cogliere ogni occasione possibile di apprendimento, sviluppare un progetto individuale a scuola.<\/span><\/p><p><span style=\"font-weight: 400;\">Al termine del progetto \u00e8 stato fatto un incontro pubblico\u00a0 online, in cui i neuropsichiatri delle Aziende Ulss 6, 8 e 9 e i professionisti coach che hanno lavorato con le famiglie hanno presentato il percorso fatto e condiviso i risultati positivi.<\/span><\/p>\t\t\t\t\t\t\t\t<\/div>\n\t\t\t\t<\/div>\n\t\t\t\t\t<\/div>\n\t\t<\/div>\n\t\t\t\t\t<\/div>\n\t\t<\/section>\n\t\t\t\t<section class=\"elementor-section elementor-top-section elementor-element elementor-element-ce92a8c elementor-section-boxed elementor-section-height-default elementor-section-height-default\" data-id=\"ce92a8c\" data-element_type=\"section\" data-e-type=\"section\">\n\t\t\t\t\t\t<div class=\"elementor-container elementor-column-gap-default\">\n\t\t\t\t\t<div class=\"elementor-column elementor-col-100 elementor-top-column elementor-element elementor-element-dbce9cc\" data-id=\"dbce9cc\" data-element_type=\"column\" data-e-type=\"column\">\n\t\t\t<div class=\"elementor-widget-wrap elementor-element-populated\">\n\t\t\t\t\t\t\t<\/div>\n\t\t<\/div>\n\t\t\t\t\t<\/div>\n\t\t<\/section>\n\t\t\t\t<\/div>\n\t\t","protected":false},"excerpt":{"rendered":"<p>INTERVENTO ABILITATIVO PRECOCE l&#8217;Autismo rappresenta una delle condizioni pi\u00f9 complesse, difficilmente gestibili, che emergono nell&#8217;et\u00e0 evolutiva. Molto spesso i bambini con autismo richiedono un elevato livello di supporto nella vita quotidiana. La conferma della condizione autistica dei figli porta spesso le famiglie in una situazione di sconforto, smarrimento, emarginazione. La letteratura scientifica internazionale ha dimostrato [&hellip;]<\/p>\n","protected":false},"author":6,"featured_media":0,"parent":0,"menu_order":0,"comment_status":"closed","ping_status":"closed","template":"","meta":{"site-sidebar-layout":"no-sidebar","site-content-layout":"page-builder","ast-site-content-layout":"default","site-content-style":"default","site-sidebar-style":"default","ast-global-header-display":"","ast-banner-title-visibility":"","ast-main-header-display":"","ast-hfb-above-header-display":"","ast-hfb-below-header-display":"","ast-hfb-mobile-header-display":"","site-post-title":"disabled","ast-breadcrumbs-content":"","ast-featured-img":"disabled","footer-sml-layout":"","ast-disable-related-posts":"","theme-transparent-header-meta":"","adv-header-id-meta":"","stick-header-meta":"","header-above-stick-meta":"","header-main-stick-meta":"","header-below-stick-meta":"","astra-migrate-meta-layouts":"default","ast-page-background-enabled":"default","ast-page-background-meta":{"desktop":{"background-color":"","background-image":"","background-repeat":"repeat","background-position":"center center","background-size":"auto","background-attachment":"scroll","background-type":"","background-media":"","overlay-type":"","overlay-color":"","overlay-opacity":"","overlay-gradient":""},"tablet":{"background-color":"","background-image":"","background-repeat":"repeat","background-position":"center center","background-size":"auto","background-attachment":"scroll","background-type":"","background-media":"","overlay-type":"","overlay-color":"","overlay-opacity":"","overlay-gradient":""},"mobile":{"background-color":"","background-image":"","background-repeat":"repeat","background-position":"center center","background-size":"auto","background-attachment":"scroll","background-type":"","background-media":"","overlay-type":"","overlay-color":"","overlay-opacity":"","overlay-gradient":""}},"ast-content-background-meta":{"desktop":{"background-color":"var(--ast-global-color-5)","background-image":"","background-repeat":"repeat","background-position":"center center","background-size":"auto","background-attachment":"scroll","background-type":"","background-media":"","overlay-type":"","overlay-color":"","overlay-opacity":"","overlay-gradient":""},"tablet":{"background-color":"var(--ast-global-color-5)","background-image":"","background-repeat":"repeat","background-position":"center center","background-size":"auto","background-attachment":"scroll","background-type":"","background-media":"","overlay-type":"","overlay-color":"","overlay-opacity":"","overlay-gradient":""},"mobile":{"background-color":"var(--ast-global-color-5)","background-image":"","background-repeat":"repeat","background-position":"center center","background-size":"auto","background-attachment":"scroll","background-type":"","background-media":"","overlay-type":"","overlay-color":"","overlay-opacity":"","overlay-gradient":""}},"footnotes":""},"class_list":["post-19445","page","type-page","status-publish","hentry"],"_links":{"self":[{"href":"https:\/\/angsaveneto.it\/index.php?rest_route=\/wp\/v2\/pages\/19445","targetHints":{"allow":["GET"]}}],"collection":[{"href":"https:\/\/angsaveneto.it\/index.php?rest_route=\/wp\/v2\/pages"}],"about":[{"href":"https:\/\/angsaveneto.it\/index.php?rest_route=\/wp\/v2\/types\/page"}],"author":[{"embeddable":true,"href":"https:\/\/angsaveneto.it\/index.php?rest_route=\/wp\/v2\/users\/6"}],"replies":[{"embeddable":true,"href":"https:\/\/angsaveneto.it\/index.php?rest_route=%2Fwp%2Fv2%2Fcomments&post=19445"}],"version-history":[{"count":7,"href":"https:\/\/angsaveneto.it\/index.php?rest_route=\/wp\/v2\/pages\/19445\/revisions"}],"predecessor-version":[{"id":19477,"href":"https:\/\/angsaveneto.it\/index.php?rest_route=\/wp\/v2\/pages\/19445\/revisions\/19477"}],"wp:attachment":[{"href":"https:\/\/angsaveneto.it\/index.php?rest_route=%2Fwp%2Fv2%2Fmedia&parent=19445"}],"curies":[{"name":"wp","href":"https:\/\/api.w.org\/{rel}","templated":true}]}}